{"version":"1.0","provider_name":"Carrefour International","provider_url":"https:\/\/cintl.org\/fr\/","author_name":"Carla Mbol","author_url":"https:\/\/cintl.org\/fr\/blog\/author\/cmbolcintl-org\/","title":"Le volontariat, un levier pour l\u2019action climatique - Carrefour International","type":"rich","width":600,"height":338,"html":"<blockquote class=\"wp-embedded-content\" data-secret=\"aHuPxOS5Fe\"><a href=\"https:\/\/cintl.org\/fr\/blog\/le-volontariat-un-levier-pour-laction-climatique\/\">Le volontariat, un levier pour l\u2019action climatique<\/a><\/blockquote><iframe sandbox=\"allow-scripts\" security=\"restricted\" src=\"https:\/\/cintl.org\/fr\/blog\/le-volontariat-un-levier-pour-laction-climatique\/embed\/#?secret=aHuPxOS5Fe\" width=\"600\" height=\"338\" title=\"\u00ab\u00a0Le volontariat, un levier pour l\u2019action climatique\u00a0\u00bb &#8212; Carrefour International\" data-secret=\"aHuPxOS5Fe\" frameborder=\"0\" marginwidth=\"0\" marginheight=\"0\" scrolling=\"no\" class=\"wp-embedded-content\"><\/iframe><script type=\"text\/javascript\">\n\/* <![CDATA[ *\/\n\/*! This file is auto-generated *\/\n!function(d,l){\"use strict\";l.querySelector&&d.addEventListener&&\"undefined\"!=typeof URL&&(d.wp=d.wp||{},d.wp.receiveEmbedMessage||(d.wp.receiveEmbedMessage=function(e){var t=e.data;if((t||t.secret||t.message||t.value)&&!\/[^a-zA-Z0-9]\/.test(t.secret)){for(var s,r,n,a=l.querySelectorAll('iframe[data-secret=\"'+t.secret+'\"]'),o=l.querySelectorAll('blockquote[data-secret=\"'+t.secret+'\"]'),c=new RegExp(\"^https?:$\",\"i\"),i=0;i<o.length;i++)o[i].style.display=\"none\";for(i=0;i<a.length;i++)s=a[i],e.source===s.contentWindow&&(s.removeAttribute(\"style\"),\"height\"===t.message?(1e3<(r=parseInt(t.value,10))?r=1e3:~~r<200&&(r=200),s.height=r):\"link\"===t.message&&(r=new URL(s.getAttribute(\"src\")),n=new URL(t.value),c.test(n.protocol))&&n.host===r.host&&l.activeElement===s&&(d.top.location.href=t.value))}},d.addEventListener(\"message\",d.wp.receiveEmbedMessage,!1),l.addEventListener(\"DOMContentLoaded\",function(){for(var e,t,s=l.querySelectorAll(\"iframe.wp-embedded-content\"),r=0;r<s.length;r++)(t=(e=s[r]).getAttribute(\"data-secret\"))||(t=Math.random().toString(36).substring(2,12),e.src+=\"#?secret=\"+t,e.setAttribute(\"data-secret\",t)),e.contentWindow.postMessage({message:\"ready\",secret:t},\"*\")},!1)))}(window,document);\n\/* ]]> *\/\n<\/script>\n","thumbnail_url":"https:\/\/cintl.org\/wp-content\/uploads\/2019\/09\/Untitled-1.png","thumbnail_width":991,"thumbnail_height":620,"description":"Alors que nous faisons tou\u00b7te\u00b7s de notre mieux pour rester au chaud et engag\u00e9\u00b7e\u00b7s pendant un autre hiver canadien, le mois de f\u00e9vrier nous offre deux occasions importantes de c\u00e9l\u00e9brer la diversit\u00e9 et de poursuivre notre travail pour faire progresser l'\u00e9galit\u00e9 pour tous. Lire la suite"}

Alors que nous faisons tou·te·s de notre mieux pour rester au chaud et engagé·e·s pendant un autre hiver canadien, le mois de février nous offre deux occasions importantes de célébrer la diversité et de poursuivre notre travail pour faire progresser l'égalité pour tous. Lire la suite
